 -74 - (-1 - -1). Suppose w*k - q = 8*k. What are the prime factors of k?
3, 5
Suppose 0 = -4*a - c - 2*c - 34, -9 = a + c. Let r = 17 + a. What are the prime factors of r?
2, 5
Let q(r) = -4*r - 5. Let j(y) = y + 1. Let s(w) = 6*j(w) + q(w). What are the prime factors of s(3)?
7
Let u(s) = s - 1. Let h be u(3). Suppose -2 = -3*p + 1, c = h*p + 3. What are the prime factors of c?
5
Let a(j) = -j. Let r(g) = g**3 - 8*g**2 - 4*g - 2. Let t(k) = 3*a(k) - r(k). What are the prime factors of t(8)?
2, 5
Suppose o = -3*o + 148. Let r = o + -26. What are the prime factors of r?
11
Let z = 9 - 5. Suppose -z - 9 = -d. List the prime factors of d.
13
Let j(d) = -d**2 + 29*d + 19. List the prime factors of j(16).
227
Let s(d) = 304*d - 1. List the prime factors of s(1).
3, 101
Suppose -4*j + 27 = 5*a, a - 3 = -2*a + 2*j. List the prime factors of (a + 8/(-1))*-1.
5
Let v = 231 - 127. What are the prime factors of v?
2, 13
Let c = -11 + 55. What are the prime factors of c?
2, 11
Let q(l) = -l**3 - 8*l**2 - 1. Let v be q(-8). Let k be 1/1 - v*4. Suppose k*y + 28 = 3*x, 0 = -3*x - 2*y - 2*y + 37. What are the prime factors of x?
11
Let q be (6/(-4))/((-6)/8). Suppose 56 = 5*h - 0*o - 2*o, -q*h - 5*o = -34. List the prime factors of h.
2, 3
Let w(s) = 11 + 2*s + 5 - 5. Let o be w(-8). Let c = 14 + o. What are the prime factors of c?
3
Suppose -u - 4*u + 4 = -4*o, 4*u + 2*o - 24 = 0. Suppose 2*p - 2 = u*s, -p - 25 = -6*p. List the prime factors of s.
2
Let f(j) = 7*j - 2. Let m(l) = -l**3 + 8*l**2 - l + 10. Let s be m(8). List the prime factors of f(s).
2, 3
Let p = 2 + -1. Let m(d) = -21*d + 5. Let w(k) = 20*k - 4. Let o(s) = 3*m(s) + 4*w(s). What are the prime factors of o(p)?
2
Let a(h) = -h**3 + 8*h**2 - 7*h + 6. Let v be a(7). Suppose 3*q + 9 = v*q, 0 = 2*k + 5*q + 9. List the prime factors of (14 + 2)*(-15)/k.
2, 5
Let q = -7 + 6. Let j(n) = -10*n + 1. List the prime factors of j(q).
11
What are the prime factors of 7*4 + (-17 - -17)?
2, 7
Let p be (0 + 5)*128/20. Suppose -5*k - 70 = -5*b, b - 3*k - p = -b. List the prime factors of b.
2, 5
Let x(o) = 3*o - 3. Let n be x(2). Suppose d - 52 = -n*d. List the prime factors of d.
13
Let w(q) = q + 5. Let o(y) = 2*y - 5. Let t be o(5). What are the prime factors of w(t)?
2, 5
Suppose 744 = k + 5*k. List the prime factors of k.
2, 31
Let l be 18/(-24) + (-22)/(-8). List the prime factors of (-1)/(58/(-28) + l).
2, 7
Suppose -5*n + 1303 = -4*k, n + 7*k - 278 = 2*k. What are the prime factors of n?
263
Suppose -s - 4*w + 72 = 3*s, w - 63 = -4*s. What are the prime factors of s?
3, 5
Let z(o) = -o**3 - 7*o**2 - 8*o + 8. What are the prime factors of z(-6)?
2, 5
Let q(p) = -3*p - 1. Let y be q(-1). Suppose d + y*d = 66. List the prime factors of d.
2, 11
Let c be ((-36)/(-30))/((-1)/5). Let m = c + 8. List the prime factors of 200/14 + m/(-7).
2, 7
Suppose -9 = 3*d - 33. List the prime factors of (d/10)/(2/20).
2
Let m(s) = 3*s**2 + 5*s - 13. What are the prime factors of m(-6)?
5, 13
Suppose 6*h = 5*h - 2*z + 247, -2*z - 725 = -3*h. What are the prime factors of h?
3
Let j(d) = 10*d**2 + 4*d - 7. What are the prime factors of j(4)?
13
Suppose 4 = -2*j - 0*j. Let k be j/(-3)*(7 - 1). Suppose -3*x = x + k, 0 = -q + 5*x + 7. List the prime factors of q.
2
List the prime factors of 34*2 - (-1 - -2).
67
Suppose -8*r = -9*r + 3. What are the prime factors of r?
3
Let s(d) be the second derivative of -d**6/360 + d**5/12 - 3*d**4/8 + d**3/3 - 2*d. Let w(j) be the second derivative of s(j). List the prime factors of w(7).
2, 3
Suppose -3*z + 18 = -t, 0*t = -2*z - 2*t + 12. Let y(u) = -u - 15. Let h be y(-12). Let q = h + z. What are the prime factors of q?
3
Let n(s) = -5*s - 11. Let u be n(5). Let m = 56 + u. What are the prime factors of m?
2, 5
Let x be (-14)/(-1) + 1 - -2. Let k = x - 1. List the prime factors of k.
2
Let n = 89 + -61. Let c = n - 1. What are the prime factors of c?
3
Let d(f) = -f**3 - 4*f**2 - 5*f - 3. Let b be d(-3). Suppose -4*m - 29 = -b*v, 4*v + m - 51 + 6 = 0. List the prime factors of v.
11
Let f be (2 + -2 - 1) + -2. Let v = f - -5. Suppose 0*u = -u + v. List the prime factors of u.
2
Suppose -5*p = -503 + 193. Suppose 5*a - p + 13 = 3*d, -3*a - 3*d + 39 = 0. What are the prime factors of a?
11
Suppose -2*l + 4*l = 2. Let n be (0 - (l + -2))*6. List the prime factors of (-4)/n + (-26)/(-3).
2
Let t = 83 - 15. List the prime factors of t.
2, 17
Let v = -27 - -2. Let i = -12 - v. Let n = i - -6. What are the prime factors of n?
19
Let q(u) = u**3 - 6*u**2 + u + 3. Let z be q(6). Suppose -z = -g - 2*g. Suppose -g*r + 44 = r. What are the prime factors of r?
11
Suppose 5*m + 2*n = 17, m - 2*n - 5 = -4*n. Suppose -m*w - 3*t = -5*w - 23, -20 = -4*t. List the prime factors of (-10)/(-40) - 55/w.
2, 7
Suppose 5*i + 3*y - 35 = 7*y, i - 13 = 2*y. Suppose 2 = -i*k + 26. What are the prime factors of k?
2
Suppose -4*r - r - 170 = -5*m, 0 = -2*m + 5*r + 56. List the prime factors of m.
2, 19
Let a = 50 + -35. Let x = a + -6. What are the prime factors of x?
3
Let k = 425 - 299. Suppose -2*r = 4*z + 94, -2 = 5*z - r + k. Let p = z - -37. What are the prime factors of p?
2, 3
Suppose -3*d + g = -285, 5*g - 80 = -5*d + 415. Suppose -9*h + 6*h = -d. List the prime factors of h.
2
Let v(o) = 10*o - 8. List the prime factors of v(8).
2, 3
List the prime factors of (20 - 22)/((-2)/249).
3, 83
List the prime factors of (-3)/(15/(-5))*50.
2, 5
Suppose 0 = a - 4*s - 23, -4*s = -3*a - 2*s + 19. Let y = 2 + a. What are the prime factors of y?
5
Suppose -d + 19 = 5*l, 5*d = d - l + 19. Let g be 0 - (0 + d/(-2)). Suppose 0 = 2*i + g, -3*x - 3*i - 18 = -66. What are the prime factors of x?
17
Let y = -2 - -4. Let s be -5 + y + 7 + -2. Suppose -s*a + 29 = 5*n, 3*n - n = -5*a + 83. List the prime factors of a.
17
Suppose t = 4*t - 165. List the prime factors of t.
5, 11
Suppose -3*m + 0 = -6. Suppose 0 = -l - m + 17. List the prime factors of l.
3, 5
Let b(f) = -f + 2. Let r be b(-3). Suppose 11 = r*a - 14. What are the prime factors of a?
5
Let n be 2 - (1 - 0)/(-1). Let u be 1*n - (7 - 5). List the prime factors of (-6)/8*(u - 5).
3
Suppose 2*x - 3 + 89 = 0. Let g = x - -60. What are the prime factors of g?
17
Let r be 2 + 1 + (-14)/(-1). Suppose g + 2*m - r = 0, -3*g + 3*m + 0 = -87. What are the prime factors of g?
5
Let r = -8 - -10. Let m(i) = 8*i**3 - i**2 - 6*i - 4. Let h(n) = 23*n**3 - 3*n**2 - 17*n - 11. Let b(f) = 6*h(f) - 17*m(f). List the prime factors of b(r).
2, 7
Let g be 63/6 + 1/2. Let p = g - 8. Suppose -p*l + 25 = 2*l. What are the prime factors of l?
5
Let f(z) = -4*z - 1. Let q be f(-1). Suppose -3*s + 6 = n, q*s + 4*n - 8 = 7. What are the prime factors of 34*-3*s/(-6)?
17
Let q(f) be the third derivative of f**5/60 + 3*f**3/2 + 6*f**2. Let y be -1 - (1 + -2 + 0). What are the prime factors of q(y)?
3
Suppose 4*j - 22 = -3*z, 0 = -2*j + 2*z + z + 2. Suppose b + 57 = j*b. Let t = -9 + b. List the prime factors of t.
2, 5
Let h(y) = -y**2 - y + 30. Let l be h(0). Suppose 5*z - 18 = -a + z, -3*z + 54 = 3*a. Suppose -c = 4*p + a, 0*p = -5*c + 4*p + l. List the prime factors of c.
2
Let b(h) = -h. Let n(t) = 16*t - 1. Let i(a) = 5*b(a) + n(a). List the prime factors of i(3).
2
Suppose 54 = -5*d + 11*d. What are the prime factors of d?
3
Suppose -r + 0*r - 3*y + 18 = 0, -3*y + 48 = 3*r. Suppose 4*q - r = -q. List the prime factors of (-3)/2*(-8)/q.
2
Let q = -1 - -4. Suppose 0 = 2*b - q - 1. Suppose -5*p + 75 = -b*j, -4*j + 0*j - 33 = -p. What are the prime factors of p?
13
Let v = -18 + 30. Let m = v - 5. Suppose m = -5*o + 42. List the prime factors of o.
7
Let h(y) = y**2 - 12*y + 13. Let m be h(11). Suppose 5*n - 22 = 3*x - 1, -m*x = -6. What are the prime factors of n?
2, 3
Let x be (-120)/18*3/(-1). Suppose 13 + 15 = 2*l - 4*v, -4*v + x = 2*l. What are the prime factors of l?
2, 3
Let j be -18*((-19)/2 - -2). Suppose 0 = -2*f - f + j. Suppose h + 2*h - f = 0. What are the prime factors of h?
3, 5
Let d = -3 - -5. Suppose 2*z + d = 0, -2*z + 6*z + 34 = 3*w. List the prime factors of w.
2, 5
Suppose -q + 4*g + 8 + 23 = 0, -5*q + 91 = -4*g. What are the prime factors of q?
3, 5
Let j = 11 + -7. Suppose -j*r = 2*n - 100, 4*r - n = 82 + 30. List the prime factors of r.
3
Suppose -6*i = -2*i. Let n(c